alculate the highest common factor of 580 and 8468.
116
What is the highest common factor of 161619 and 1479?
51
Calculate the highest common divisor of 691014 and 984.
246
Calculate the highest common factor of 109 and 5318437.
109
Calculate the greatest common factor of 465 and 1920.
15
Calculate the greatest common factor of 1227 and 9846.
3
What is the highest common factor of 27936 and 696?
24
What is the greatest common divisor of 117823 and 1180?
59
What is the greatest common factor of 76 and 940766?
38
What is the highest common divisor of 51 and 217889?
17
Calculate the highest common factor of 1008051 and 726.
363
Calculate the highest common factor of 110922 and 95760.
798
Calculate the greatest common divisor of 51 and 16847.
17
What is the greatest common factor of 6688 and 32?
32
Calculate the highest common divisor of 8370 and 132680.
310
Calculate the highest common factor of 9795 and 165.
15
Calculate the greatest common factor of 223 and 1001047.
223
Calculate the highest common divisor of 930 and 40269.
93
Calculate the highest common factor of 10443 and 118.
59
What is the greatest common divisor of 10776802 and 1706?
1706
What is the greatest common divisor of 26709 and 406?
29
What is the greatest common factor of 322 and 790993?
161
What is the highest common factor of 3120 and 2040?
120
Calculate the highest common divisor of 1107804 and 12.
12
Calculate the highest common factor of 4510 and 5330.
410
Calculate the highest common factor of 75 and 26211.
3
What is the highest common divisor of 477 and 36411?
159
What is the greatest common divisor of 77 and 14030093?
77
Calculate the highest common divisor of 1656 and 28359.
207
Calculate the greatest common factor of 12 and 2157.
3
What is the greatest common divisor of 159 and 57?
3
Calculate the greatest common factor of 88696 and 96.
8
What is the highest common factor of 7 and 20370?
7
What is the highest common factor of 56938 and 112?
14
What is the greatest common divisor of 847 and 37961?
77
Calculate the highest common divisor of 8778 and 5984.
22
What is the highest common factor of 3668 and 371?
7
Calculate the highest common divisor of 297 and 15939.
99
What is the highest common divisor of 574942 and 1556?
778
What is the highest common factor of 52 and 975?
13
Calculate the greatest common factor of 26280 and 7470.
90
Calculate the greatest common factor of 44664 and 768.
24
Calculate the highest common divisor of 966 and 756.
42
What is the highest common factor of 15564434 and 214?
214
What is the greatest common divisor of 38 and 44251?
19
Calculate the greatest common divisor of 18031 and 59527.
247
Calculate the greatest common factor of 307 and 432563.
307
Calculate the greatest common divisor of 32 and 544.
32
Calculate the greatest common factor of 11697 and 63.
21
What is the greatest common divisor of 902640 and 16?
16
What is the highest common factor of 4480275 and 1175?
1175
Calculate the greatest common factor of 30296 and 520.
8
What is the highest common divisor of 3656 and 1371?
457
What is the highest common factor of 112 and 94?
2
What is the highest common factor of 60 and 27228?
12
What is the highest common factor of 56151 and 1581?
51
Calculate the highest common divisor of 257355 and 95.
95
What is the highest common factor of 65221 and 18338?
173
Calculate the highest common divisor of 57 and 46151.
19
What is the highest common divisor of 3234 and 18354?
42
Calculate the greatest common divisor of 1700145 and 135.
45
What is the highest common divisor of 346300 and 40?
20
Calculate the greatest common divisor of 54 and 243027.
27
What is the greatest common divisor of 34780 and 6845?
185
Calculate the greatest common factor of 76870 and 40.
10
What is the greatest common divisor of 3242439 and 18?
9
What is the highest common divisor of 1624 and 1778?
14
What is the greatest common factor of 22088 and 66?
22
Calculate the greatest common divisor of 160 and 333520.
80
Calculate the highest common divisor of 838 and 128.
2
Calculate the highest common factor of 633983 and 44321.
1927
What is the greatest common divisor of 12705 and 9680?
605
Calculate the greatest common divisor of 14235 and 117.
39
What is the greatest common divisor of 2162 and 253?
23
Calculate the highest common divisor of 291 and 170817.
291
Calculate the highest common factor of 4030 and 6110.
130
What is the greatest common divisor of 13 and 1067?
1
What is the highest common divisor of 27 and 183582?
9
What is the greatest common divisor of 110 and 65615?
55
Calculate the greatest common divisor of 5954 and 117.
13
Calculate the highest common factor of 225 and 1883295.
45
What is the greatest common divisor of 1836 and 230112?
612
Calculate the greatest common factor of 1296 and 127536.
48
Calculate the highest common factor of 161 and 3712499.
161
What is the greatest common factor of 267366 and 132?
66
What is the greatest common factor of 29448 and 864?
72
Calculate the greatest common divisor of 24311 and 9177.
161
What is the highest common divisor of 513435 and 845?
65
What is the greatest common factor of 60 and 757110?
30
Calculate the highest common factor of 22 and 3179.
11
Calculate the highest common factor of 819386 and 2.
2
Calculate the highest common divisor of 4 and 1434238.
2
What is the highest common factor of 2288 and 620752?
176
Calculate the highest common factor of 2652 and 973596.
156
Calculate the greatest common factor of 37134 and 162.
18
Calculate the highest common factor of 177587 and 18657.
691
Calculate the greatest common factor of 17424 and 3025.
121
What is the highest common factor of 2853 and 6023?
317
What is the greatest common divisor of 24 and 16236?
12
What is the highest common divisor of 16996 and 112?
28
Calculate the highest common divisor of 147 and 2989.
49
Calculate the highest common factor of 30774 and 6486.
138
What is the greatest common factor of 536 and 75978?
134
Calculate the greatest common factor of 5 and 119365.
5
What is the highest common divisor of 204675 and 75?
75
What is the greatest common divisor of 1594279 and 1?
1
What is the highest common divisor of 168341 and 71?
71
What is the greatest common factor of 16912 and 976?
16
Calculate the greatest common divisor of 1332 and 306.
18
Calculate the highest common divisor of 18 and 3072.
6
Calculate the highest common divisor of 40670 and 28.
14
What is the highest common divisor of 144 and 289908?
36
What is the highest common factor of 145794 and 5687?
517
Calculate the highest common divisor of 2900 and 18328.
116
Calculate the highest common divisor of 144058 and 34.
34
Calculate the greatest common divisor of 9774 and 621.
27
What is the highest common divisor of 700205 and 878?
439
Calculate the highest common factor of 3110 and 1070.
10
Calculate the highest common factor of 5094 and 459309.
849
Calculate the highest common factor of 44945 and 58295.
445
What is the greatest common factor of 12 and 10551?
3
What is the greatest common factor of 363023 and 142?
71
What is the greatest common divisor of 375 and 125115?
15
Calculate the highest common divisor of 12936 and 2904.
264
What is the highest common factor of 135576 and 1008?
504
What is the highest common factor of 37464 and 504?
168
Calculate the greatest common factor of 105 and 66087.
21
Calculate the highest common divisor of 7 and 630511.
7
Calculate the greatest common factor of 208884 and 48.
12
What is the highest common factor of 16458540 and 596?
596
What is the greatest common factor of 304682 and 784?
98
Calculate the greatest common divisor of 96 and 97936.
16
What is the greatest common factor of 1570104 and 16?
8
Calculate the greatest common divisor of 78329 and 116.
29
Calculate the greatest common divisor of 24213 and 42.
21
Calculate the highest common factor of 1466905 and 110.
55
Calculate the greatest common divisor of 4864 and 48.
16
What is the highest common divisor of 1564128 and 1152?
288
What is the highest common divisor of 246 and 7206?
6
Calculate the highest common divisor of 84 and 73017.
21
Calculate the greatest common factor of 78 and 140062.
26
Calculate the highest common factor of 1122 and 3026.
34
Calculate the highest common factor 